{"id":3950,"date":"2022-04-12T11:19:59","date_gmt":"2022-04-12T08:19:59","guid":{"rendered":"https:\/\/glimsgloms.fi\/?post_type=arvio&#038;p=3950"},"modified":"2023-08-16T14:38:00","modified_gmt":"2023-08-16T11:38:00","slug":"arkinen-ja-myyttinen-kohtaavat","status":"publish","type":"arvio","link":"https:\/\/glimsgloms.fi\/en\/arvio\/arkinen-ja-myyttinen-kohtaavat\/","title":{"rendered":"Arkinen ja myyttinen kohtaavat"},"content":{"rendered":"\n<p>Raisa Rauhamaa, Teatteri &amp; Tanssi+ Sirkus lehti 2\/2022<\/p>\n<p><strong>ARVOSTETTU AFORISTIKKO<\/strong> ja runoilija <strong>Mirkka Rekola<\/strong> (1931-2014) oli tuottelias yli viisikymment\u00e4 vuotta. Suomalaisen runouden kaanonissa Rekolan merkitys sotien j\u00e4lkeisen kirjallisuuden modernismin airuena on suuri. T\u00e4t\u00e4 taustaa vasten pid\u00e4n <strong>Simo Heiskasen<\/strong> l\u00e4ht\u00f6kohtaa tuottaa yhden miehen esitys Rekolan runojen maailmasta melkoisen uhkarohkeana taidetekona.<\/p>\n<p>Heiskanen on pit\u00e4nyt kaikki esityksen narut n\u00e4peiss\u00e4\u00e4n: ohjannut kokonaisuuden, s\u00e4velt\u00e4nyt materiaalin, luonut askelmerkit ja ideat sek\u00e4 visuaalisen toteutuksen sooloonsa, jota kolmimiehinen orkesteri, <strong>Milla<\/strong> <strong>Viljamaa<\/strong>, <strong>Sara Puljula<\/strong> ja <strong>Topi Korhonen<\/strong>, taidolla ja herkkyydell\u00e4 s\u00e4est\u00e4v\u00e4t.<\/p>\n<p>Mutta miten vaivattomasti eteenp\u00e4in virtaavan ja syv\u00e4llisen, laulua, liikett\u00e4 ja tekstej\u00e4 sis\u00e4lt\u00e4v\u00e4n esityksen Heiskanen onkaan valitsemistaan runoista onnistunut luomaan! H\u00e4n on sis\u00e4ist\u00e4nyt Rekolan runouden laadun, jossa arkinen ja myyttinen kohtaavat riveill\u00e4 ja niiden v\u00e4liss\u00e4.<\/p>\n<p><em>Min\u00e4 unohdin miten suuressa talossa asun<\/em> -teoksessa kuullaan tekstej\u00e4 muun muassa ik\u00e4\u00e4ntymisest\u00e4, tuulesta, muistista, vuodenajoista, linnuista ja ruusuista. Omaper\u00e4inen ja jokaista piirtoa my\u00f6ten hallittu toteutus on kuin pienoiskuvaelmien ryp\u00e4s, jossa n\u00e4k\u00f6alat avartuvat jokap\u00e4iv\u00e4isist\u00e4 havainnoista tavoittaen runouden t\u00e4rkeimm\u00e4n teht\u00e4v\u00e4n, arkitietoisuuden n\u00e4kym\u00e4tt\u00f6m\u00e4t tasot.<\/p>\n<p>HEISKANEN LAUSUU, laulaa ja liikkuu musiikin ja tekstin yhteismaastossa pakottomasti, on lavalla kuin kotonaan ja sulautuu koko kehollaan tarinoiden viet\u00e4v\u00e4ksi. H\u00e4n artikuloi ehe\u00e4n Rekola-maailman suoraan yleis\u00f6lle l\u00e4mm\u00f6ll\u00e4 ja selkeydell\u00e4.<\/p>\n<p>Runouden korkeammat olemisen kiteym\u00e4t kevenev\u00e4t Heiskasen k\u00e4sittelyss\u00e4. Varmalla l\u00e4sn\u00e4olollaan ja oivaltavilla, runoja kuvittavilla, pantomiinomaisilla piirroilla Heiskanen kirkastaa merkityksi\u00e4 niin, ett\u00e4 v\u00e4lill\u00e4 mysteereihin piiloutuvat tekstit saavat nokkelan kuvituksen. Toteutusta Rehev\u00f6itt\u00e4\u00e4 <strong>Tuomo<\/strong> <strong>Railon<\/strong> herk\u00e4ll\u00e4 k\u00e4dell\u00e4 tavoittamat tausta-animaatiot.<\/p>\n<p>Miltei kaksituntinen esitys on kaikkien aistien her\u00e4ttely\u00e4, jossa syd\u00e4n l\u00e4mpenee ja t\u00e4yttyy sek\u00e4 mieli sivistyy.<\/p>\n<p>El\u00e4myksen j\u00e4lkeen oli pakko kaivaa Rekolan runot esiin ja lukea uudelleen niit\u00e4 helmi\u00e4, joita Heiskanen auliisti jo yleis\u00f6lle jakoi.<\/p>\n","protected":false},"template":"","meta":{"inline_featured_image":false,"_kad_blocks_custom_css":"","_kad_blocks_head_custom_js":"","_kad_blocks_body_custom_js":"","_kad_blocks_footer_custom_js":"","_kad_post_transparent":"","_kad_post_title":"","_kad_post_layout":"","_kad_post_sidebar_id":"","_kad_post_content_style":"","_kad_post_vertical_padding":"","_kad_post_feature":"","_kad_post_feature_position":"","_kad_post_header":false,"_kad_post_footer":false,"_kad_post_classname":"","_links_to":"","_links_to_target":""},"esityskategoria":[40],"class_list":["post-3950","arvio","type-arvio","status-publish","hentry","esityskategoria-mina-unohdin-miten-suuressa-talossa-asun"],"yoast_head":"<!-- This site is optimized with the Yoast SEO plugin v27.5 - https:\/\/yoast.com\/product\/yoast-seo-wordpress\/ -->\n<title>Arkinen ja myyttinen kohtaavat -<\/title>\n<meta name=\"robots\" content=\"index, follow, max-snippet:-1, max-image-preview:large, max-video-preview:-1\" \/>\n<link rel=\"canonical\" href=\"https:\/\/glimsgloms.fi\/arvio\/arkinen-ja-myyttinen-kohtaavat\/\" \/>\n<meta property=\"og:locale\" content=\"en_US\" \/>\n<meta property=\"og:type\" content=\"article\" \/>\n<meta property=\"og:title\" content=\"Arkinen ja myyttinen kohtaavat -\" \/>\n<meta property=\"og:description\" content=\"Raisa Rauhamaa, Teatteri &amp; Tanssi+ Sirkus lehti 2\/2022 ARVOSTETTU AFORISTIKKO ja runoilija Mirkka Rekola (1931-2014) oli tuottelias yli viisikymment\u00e4 vuotta. Suomalaisen runouden kaanonissa Rekolan merkitys sotien j\u00e4lkeisen kirjallisuuden modernismin airuena on suuri. T\u00e4t\u00e4 taustaa vasten pid\u00e4n Simo Heiskasen l\u00e4ht\u00f6kohtaa tuottaa yhden miehen esitys Rekolan runojen maailmasta melkoisen uhkarohkeana taidetekona. Heiskanen on pit\u00e4nyt kaikki esityksen narut...\" \/>\n<meta property=\"og:url\" content=\"https:\/\/glimsgloms.fi\/arvio\/arkinen-ja-myyttinen-kohtaavat\/\" \/>\n<meta property=\"article:publisher\" content=\"https:\/\/www.facebook.com\/glimsgloms\" \/>\n<meta property=\"article:modified_time\" content=\"2023-08-16T11:38:00+00:00\" \/>\n<meta name=\"twitter:card\" content=\"summary_large_image\" \/>\n<meta name=\"twitter:site\" content=\"@Glimsgloms\" \/>\n<meta name=\"twitter:label1\" content=\"Est. reading time\" \/>\n\t<meta name=\"twitter:data1\" content=\"2 minutes\" \/>\n<script type=\"application\/ld+json\" class=\"yoast-schema-graph\">{\"@context\":\"https:\\\/\\\/schema.org\",\"@graph\":[{\"@type\":\"WebPage\",\"@id\":\"https:\\\/\\\/glimsgloms.fi\\\/arvio\\\/arkinen-ja-myyttinen-kohtaavat\\\/\",\"url\":\"https:\\\/\\\/glimsgloms.fi\\\/arvio\\\/arkinen-ja-myyttinen-kohtaavat\\\/\",\"name\":\"Arkinen ja myyttinen kohtaavat -\",\"isPartOf\":{\"@id\":\"https:\\\/\\\/glimsgloms.fi\\\/#website\"},\"datePublished\":\"2022-04-12T08:19:59+00:00\",\"dateModified\":\"2023-08-16T11:38:00+00:00\",\"breadcrumb\":{\"@id\":\"https:\\\/\\\/glimsgloms.fi\\\/arvio\\\/arkinen-ja-myyttinen-kohtaavat\\\/#breadcrumb\"},\"inLanguage\":\"en-US\",\"potentialAction\":[{\"@type\":\"ReadAction\",\"target\":[\"https:\\\/\\\/glimsgloms.fi\\\/arvio\\\/arkinen-ja-myyttinen-kohtaavat\\\/\"]}]},{\"@type\":\"BreadcrumbList\",\"@id\":\"https:\\\/\\\/glimsgloms.fi\\\/arvio\\\/arkinen-ja-myyttinen-kohtaavat\\\/#breadcrumb\",\"itemListElement\":[{\"@type\":\"ListItem\",\"position\":1,\"name\":\"Home\",\"item\":\"https:\\\/\\\/glimsgloms.fi\\\/en\\\/\"},{\"@type\":\"ListItem\",\"position\":2,\"name\":\"Arviot\",\"item\":\"https:\\\/\\\/glimsgloms.fi\\\/sv\\\/arvio\\\/\"},{\"@type\":\"ListItem\",\"position\":3,\"name\":\"Arkinen ja myyttinen kohtaavat\"}]},{\"@type\":\"WebSite\",\"@id\":\"https:\\\/\\\/glimsgloms.fi\\\/#website\",\"url\":\"https:\\\/\\\/glimsgloms.fi\\\/\",\"name\":\"\",\"description\":\"Dance Theatre for All\",\"publisher\":{\"@id\":\"https:\\\/\\\/glimsgloms.fi\\\/#organization\"},\"potentialAction\":[{\"@type\":\"SearchAction\",\"target\":{\"@type\":\"EntryPoint\",\"urlTemplate\":\"https:\\\/\\\/glimsgloms.fi\\\/?s={search_term_string}\"},\"query-input\":{\"@type\":\"PropertyValueSpecification\",\"valueRequired\":true,\"valueName\":\"search_term_string\"}}],\"inLanguage\":\"en-US\"},{\"@type\":\"Organization\",\"@id\":\"https:\\\/\\\/glimsgloms.fi\\\/#organization\",\"name\":\"Tanssiteatteri Glims & Gloms - koko perheen teatteri Espoossa\",\"url\":\"https:\\\/\\\/glimsgloms.fi\\\/\",\"logo\":{\"@type\":\"ImageObject\",\"inLanguage\":\"en-US\",\"@id\":\"https:\\\/\\\/glimsgloms.fi\\\/#\\\/schema\\\/logo\\\/image\\\/\",\"url\":\"https:\\\/\\\/glimsgloms.fi\\\/wp-content\\\/uploads\\\/2020\\\/10\\\/cropped-GG-1.jpg\",\"contentUrl\":\"https:\\\/\\\/glimsgloms.fi\\\/wp-content\\\/uploads\\\/2020\\\/10\\\/cropped-GG-1.jpg\",\"width\":512,\"height\":512,\"caption\":\"Tanssiteatteri Glims & Gloms - koko perheen teatteri Espoossa\"},\"image\":{\"@id\":\"https:\\\/\\\/glimsgloms.fi\\\/#\\\/schema\\\/logo\\\/image\\\/\"},\"sameAs\":[\"https:\\\/\\\/www.facebook.com\\\/glimsgloms\",\"https:\\\/\\\/x.com\\\/Glimsgloms\",\"https:\\\/\\\/www.instagram.com\\\/glimsgloms\\\/\",\"https:\\\/\\\/www.linkedin.com\\\/company\\\/43366760\\\/admin\\\/\",\"https:\\\/\\\/www.youtube.com\\\/user\\\/GlimsGloms\",\"https:\\\/\\\/fi.wikipedia.org\\\/wiki\\\/Tanssiteatteri_Glims_&_Gloms\"]}]}<\/script>\n<!-- \/ Yoast SEO plugin. -->","yoast_head_json":{"title":"Arkinen ja myyttinen kohtaavat -","robots":{"index":"index","follow":"follow","max-snippet":"max-snippet:-1","max-image-preview":"max-image-preview:large","max-video-preview":"max-video-preview:-1"},"canonical":"https:\/\/glimsgloms.fi\/arvio\/arkinen-ja-myyttinen-kohtaavat\/","og_locale":"en_US","og_type":"article","og_title":"Arkinen ja myyttinen kohtaavat -","og_description":"Raisa Rauhamaa, Teatteri &amp; Tanssi+ Sirkus lehti 2\/2022 ARVOSTETTU AFORISTIKKO ja runoilija Mirkka Rekola (1931-2014) oli tuottelias yli viisikymment\u00e4 vuotta. Suomalaisen runouden kaanonissa Rekolan merkitys sotien j\u00e4lkeisen kirjallisuuden modernismin airuena on suuri. T\u00e4t\u00e4 taustaa vasten pid\u00e4n Simo Heiskasen l\u00e4ht\u00f6kohtaa tuottaa yhden miehen esitys Rekolan runojen maailmasta melkoisen uhkarohkeana taidetekona. Heiskanen on pit\u00e4nyt kaikki esityksen narut...","og_url":"https:\/\/glimsgloms.fi\/arvio\/arkinen-ja-myyttinen-kohtaavat\/","article_publisher":"https:\/\/www.facebook.com\/glimsgloms","article_modified_time":"2023-08-16T11:38:00+00:00","twitter_card":"summary_large_image","twitter_site":"@Glimsgloms","twitter_misc":{"Est. reading time":"2 minutes"},"schema":{"@context":"https:\/\/schema.org","@graph":[{"@type":"WebPage","@id":"https:\/\/glimsgloms.fi\/arvio\/arkinen-ja-myyttinen-kohtaavat\/","url":"https:\/\/glimsgloms.fi\/arvio\/arkinen-ja-myyttinen-kohtaavat\/","name":"Arkinen ja myyttinen kohtaavat -","isPartOf":{"@id":"https:\/\/glimsgloms.fi\/#website"},"datePublished":"2022-04-12T08:19:59+00:00","dateModified":"2023-08-16T11:38:00+00:00","breadcrumb":{"@id":"https:\/\/glimsgloms.fi\/arvio\/arkinen-ja-myyttinen-kohtaavat\/#breadcrumb"},"inLanguage":"en-US","potentialAction":[{"@type":"ReadAction","target":["https:\/\/glimsgloms.fi\/arvio\/arkinen-ja-myyttinen-kohtaavat\/"]}]},{"@type":"BreadcrumbList","@id":"https:\/\/glimsgloms.fi\/arvio\/arkinen-ja-myyttinen-kohtaavat\/#breadcrumb","itemListElement":[{"@type":"ListItem","position":1,"name":"Home","item":"https:\/\/glimsgloms.fi\/en\/"},{"@type":"ListItem","position":2,"name":"Arviot","item":"https:\/\/glimsgloms.fi\/sv\/arvio\/"},{"@type":"ListItem","position":3,"name":"Arkinen ja myyttinen kohtaavat"}]},{"@type":"WebSite","@id":"https:\/\/glimsgloms.fi\/#website","url":"https:\/\/glimsgloms.fi\/","name":"","description":"Dance Theatre for All","publisher":{"@id":"https:\/\/glimsgloms.fi\/#organization"},"potentialAction":[{"@type":"SearchAction","target":{"@type":"EntryPoint","urlTemplate":"https:\/\/glimsgloms.fi\/?s={search_term_string}"},"query-input":{"@type":"PropertyValueSpecification","valueRequired":true,"valueName":"search_term_string"}}],"inLanguage":"en-US"},{"@type":"Organization","@id":"https:\/\/glimsgloms.fi\/#organization","name":"Tanssiteatteri Glims & Gloms - koko perheen teatteri Espoossa","url":"https:\/\/glimsgloms.fi\/","logo":{"@type":"ImageObject","inLanguage":"en-US","@id":"https:\/\/glimsgloms.fi\/#\/schema\/logo\/image\/","url":"https:\/\/glimsgloms.fi\/wp-content\/uploads\/2020\/10\/cropped-GG-1.jpg","contentUrl":"https:\/\/glimsgloms.fi\/wp-content\/uploads\/2020\/10\/cropped-GG-1.jpg","width":512,"height":512,"caption":"Tanssiteatteri Glims & Gloms - koko perheen teatteri Espoossa"},"image":{"@id":"https:\/\/glimsgloms.fi\/#\/schema\/logo\/image\/"},"sameAs":["https:\/\/www.facebook.com\/glimsgloms","https:\/\/x.com\/Glimsgloms","https:\/\/www.instagram.com\/glimsgloms\/","https:\/\/www.linkedin.com\/company\/43366760\/admin\/","https:\/\/www.youtube.com\/user\/GlimsGloms","https:\/\/fi.wikipedia.org\/wiki\/Tanssiteatteri_Glims_&_Gloms"]}]}},"taxonomy_info":{"esityskategoria":[{"value":40,"label":"Min\u00e4 unohdin miten suuressa talossa asun"}]},"featured_image_src_large":[],"author_info":[],"comment_info":"","_links":{"self":[{"href":"https:\/\/glimsgloms.fi\/en\/wp-json\/wp\/v2\/arvio\/3950","targetHints":{"allow":["GET"]}}],"collection":[{"href":"https:\/\/glimsgloms.fi\/en\/wp-json\/wp\/v2\/arvio"}],"about":[{"href":"https:\/\/glimsgloms.fi\/en\/wp-json\/wp\/v2\/types\/arvio"}],"wp:attachment":[{"href":"https:\/\/glimsgloms.fi\/en\/wp-json\/wp\/v2\/media?parent=3950"}],"wp:term":[{"taxonomy":"esityskategoria","embeddable":true,"href":"https:\/\/glimsgloms.fi\/en\/wp-json\/wp\/v2\/esityskategoria?post=3950"}],"curies":[{"name":"wp","href":"https:\/\/api.w.org\/{rel}","templated":true}]}}

<p>Raisa Rauhamaa, Teatteri &amp; Tanssi+ Sirkus lehti 2/2022</p>
<p><strong>ARVOSTETTU AFORISTIKKO</strong> ja runoilija <strong>Mirkka Rekola</strong> (1931-2014) oli tuottelias yli viisikymmentä vuotta. Suomalaisen runouden kaanonissa Rekolan merkitys sotien jälkeisen kirjallisuuden modernismin airuena on suuri. Tätä taustaa vasten pidän <strong>Simo Heiskasen</strong> lähtökohtaa tuottaa yhden miehen esitys Rekolan runojen maailmasta melkoisen uhkarohkeana taidetekona.</p>
<p>Heiskanen on pitänyt kaikki esityksen narut näpeissään: ohjannut kokonaisuuden, säveltänyt materiaalin, luonut askelmerkit ja ideat sekä visuaalisen toteutuksen sooloonsa, jota kolmimiehinen orkesteri, <strong>Milla</strong> <strong>Viljamaa</strong>, <strong>Sara Puljula</strong> ja <strong>Topi Korhonen</strong>, taidolla ja herkkyydellä säestävät.</p>
<p>Mutta miten vaivattomasti eteenpäin virtaavan ja syvällisen, laulua, liikettä ja tekstejä sisältävän esityksen Heiskanen onkaan valitsemistaan runoista onnistunut luomaan! Hän on sisäistänyt Rekolan runouden laadun, jossa arkinen ja myyttinen kohtaavat riveillä ja niiden välissä.</p>
<p><em>Minä unohdin miten suuressa talossa asun</em> -teoksessa kuullaan tekstejä muun muassa ikääntymisestä, tuulesta, muistista, vuodenajoista, linnuista ja ruusuista. Omaperäinen ja jokaista piirtoa myöten hallittu toteutus on kuin pienoiskuvaelmien rypäs, jossa näköalat avartuvat jokapäiväisistä havainnoista tavoittaen runouden tärkeimmän tehtävän, arkitietoisuuden näkymättömät tasot.</p>
<p>HEISKANEN LAUSUU, laulaa ja liikkuu musiikin ja tekstin yhteismaastossa pakottomasti, on lavalla kuin kotonaan ja sulautuu koko kehollaan tarinoiden vietäväksi. Hän artikuloi eheän Rekola-maailman suoraan yleisölle lämmöllä ja selkeydellä.</p>
<p>Runouden korkeammat olemisen kiteymät kevenevät Heiskasen käsittelyssä. Varmalla läsnäolollaan ja oivaltavilla, runoja kuvittavilla, pantomiinomaisilla piirroilla Heiskanen kirkastaa merkityksiä niin, että välillä mysteereihin piiloutuvat tekstit saavat nokkelan kuvituksen. Toteutusta Rehevöittää <strong>Tuomo</strong> <strong>Railon</strong> herkällä kädellä tavoittamat tausta-animaatiot.</p>
<p>Miltei kaksituntinen esitys on kaikkien aistien herättelyä, jossa sydän lämpenee ja täyttyy sekä mieli sivistyy.</p>
<p>Elämyksen jälkeen oli pakko kaivaa Rekolan runot esiin ja lukea uudelleen niitä helmiä, joita Heiskanen auliisti jo yleisölle jakoi.</p>

<!-- This site is optimized with the Yoast SEO plugin v27.5 - https://yoast.com/product/yoast-seo-wordpress/ -->
<title>Arkinen ja myyttinen kohtaavat -</title>
<meta name="robots" content="index, follow, max-snippet:-1, max-image-preview:large, max-video-preview:-1" />
<link rel="canonical" href="https://glimsgloms.fi/arvio/arkinen-ja-myyttinen-kohtaavat/" />
<meta property="og:locale" content="en_US" />
<meta property="og:type" content="article" />
<meta property="og:title" content="Arkinen ja myyttinen kohtaavat -" />
<meta property="og:description" content="Raisa Rauhamaa, Teatteri &amp; Tanssi+ Sirkus lehti 2/2022 ARVOSTETTU AFORISTIKKO ja runoilija Mirkka Rekola (1931-2014) oli tuottelias yli viisikymmentä vuotta. Suomalaisen runouden kaanonissa Rekolan merkitys sotien jälkeisen kirjallisuuden modernismin airuena on suuri. Tätä taustaa vasten pidän Simo Heiskasen lähtökohtaa tuottaa yhden miehen esitys Rekolan runojen maailmasta melkoisen uhkarohkeana taidetekona. Heiskanen on pitänyt kaikki esityksen narut..." />
<meta property="og:url" content="https://glimsgloms.fi/arvio/arkinen-ja-myyttinen-kohtaavat/" />
<meta property="article:publisher" content="https://www.facebook.com/glimsgloms" />
<meta property="article:modified_time" content="2023-08-16T11:38:00+00:00" />
<meta name="twitter:card" content="summary_large_image" />
<meta name="twitter:site" content="@Glimsgloms" />
<meta name="twitter:label1" content="Est. reading time" />
	<meta name="twitter:data1" content="2 minutes" />
<script type="application/ld+json" class="yoast-schema-graph">{"@context":"https:\/\/schema.org","@graph":[{"@type":"WebPage","@id":"https:\/\/glimsgloms.fi\/arvio\/arkinen-ja-myyttinen-kohtaavat\/","url":"https:\/\/glimsgloms.fi\/arvio\/arkinen-ja-myyttinen-kohtaavat\/","name":"Arkinen ja myyttinen kohtaavat -","isPartOf":{"@id":"https:\/\/glimsgloms.fi\/#website"},"datePublished":"2022-04-12T08:19:59+00:00","dateModified":"2023-08-16T11:38:00+00:00","breadcrumb":{"@id":"https:\/\/glimsgloms.fi\/arvio\/arkinen-ja-myyttinen-kohtaavat\/#breadcrumb"},"inLanguage":"en-US","potentialAction":[{"@type":"ReadAction","target":["https:\/\/glimsgloms.fi\/arvio\/arkinen-ja-myyttinen-kohtaavat\/"]}]},{"@type":"BreadcrumbList","@id":"https:\/\/glimsgloms.fi\/arvio\/arkinen-ja-myyttinen-kohtaavat\/#breadcrumb","itemListElement":[{"@type":"ListItem","position":1,"name":"Home","item":"https:\/\/glimsgloms.fi\/en\/"},{"@type":"ListItem","position":2,"name":"Arviot","item":"https:\/\/glimsgloms.fi\/sv\/arvio\/"},{"@type":"ListItem","position":3,"name":"Arkinen ja myyttinen kohtaavat"}]},{"@type":"WebSite","@id":"https:\/\/glimsgloms.fi\/#website","url":"https:\/\/glimsgloms.fi\/","name":"","description":"Dance Theatre for All","publisher":{"@id":"https:\/\/glimsgloms.fi\/#organization"},"potentialAction":[{"@type":"SearchAction","target":{"@type":"EntryPoint","urlTemplate":"https:\/\/glimsgloms.fi\/?s={search_term_string}"},"query-input":{"@type":"PropertyValueSpecification","valueRequired":true,"valueName":"search_term_string"}}],"inLanguage":"en-US"},{"@type":"Organization","@id":"https:\/\/glimsgloms.fi\/#organization","name":"Tanssiteatteri Glims & Gloms - koko perheen teatteri Espoossa","url":"https:\/\/glimsgloms.fi\/","logo":{"@type":"ImageObject","inLanguage":"en-US","@id":"https:\/\/glimsgloms.fi\/#\/schema\/logo\/image\/","url":"https:\/\/glimsgloms.fi\/wp-content\/uploads\/2020\/10\/cropped-GG-1.jpg","contentUrl":"https:\/\/glimsgloms.fi\/wp-content\/uploads\/2020\/10\/cropped-GG-1.jpg","width":512,"height":512,"caption":"Tanssiteatteri Glims & Gloms - koko perheen teatteri Espoossa"},"image":{"@id":"https:\/\/glimsgloms.fi\/#\/schema\/logo\/image\/"},"sameAs":["https:\/\/www.facebook.com\/glimsgloms","https:\/\/x.com\/Glimsgloms","https:\/\/www.instagram.com\/glimsgloms\/","https:\/\/www.linkedin.com\/company\/43366760\/admin\/","https:\/\/www.youtube.com\/user\/GlimsGloms","https:\/\/fi.wikipedia.org\/wiki\/Tanssiteatteri_Glims_&_Gloms"]}]}</script>
<!-- / Yoast SEO plugin. -->

Raisa Rauhamaa, Teatteri &amp; Tanssi+ Sirkus lehti 2/2022 ARVOSTETTU AFORISTIKKO ja runoilija Mirkka Rekola (1931-2014) oli tuottelias yli viisikymmentä vuotta. Suomalaisen runouden kaanonissa Rekolan merkitys sotien jälkeisen kirjallisuuden modernismin airuena on suuri. Tätä taustaa vasten pidän Simo Heiskasen lähtökohtaa tuottaa yhden miehen esitys Rekolan runojen maailmasta melkoisen uhkarohkeana taidetekona. Heiskanen on pitänyt kaikki esityksen narut...

Minä unohdin miten suuressa talossa asun
